the greatest common divisor of q and w?
26
Let p be ((-2)/6)/(-1 + 32/36). Suppose -x + 27 = p*d + 4*x, -3*d + 4*x = -27. Calculate the greatest common divisor of 36 and d.
9
Suppose -3*v - 2*i + i + 862 = 0, i + 290 = v. What is the greatest common factor of 160 and v?
32
Let v = -263 + 406. Let k(z) = -z**3 - 8*z**2 - 17*z - 19. Let u be k(-6). What is the greatest common divisor of v and u?
11
Let y(i) = -i**3 + 2*i**2 + 5*i + 8. Let m be y(0). Calculate the greatest common factor of 596 and m.
4
Suppose -2*i + 56 = -684. Calculate the highest common divisor of 10 and i.
10
Suppose 4*f + s = -0*s + 157, -3*f - 3*s = -129. Let t be (-33)/55 - f/(-5). Suppose 3 + t = a. Calculate the highest common divisor of 15 and a.
5
Suppose 6*b - 321 = -9. Calculate the highest common factor of 325 and b.
13
Suppose -q + 6 = 3*v - 8, 4*q = 8. Suppose -b + 0*b + 30 = -v*t, 0 = 5*b - 5*t - 105. What is the greatest common divisor of 90 and b?
18
Suppose -3*y - 3 = 0, 2*r = 3*r + 3*y - 10. Let u = -9 + r. Suppose 4*a - 44 = 2*a - 3*q, -3*a = -u*q - 32. What is the greatest common factor of 128 and a?
16
Suppose -224 = -8*v + 8. Let p = v - 23. Calculate the highest common divisor of 54 and p.
6
Let w(r) = 115*r**2 + r. Let c be w(1). Let s be 2/(-8) + c/16. Let j be 64/10 + (-15)/(-25). What is the highest common divisor of j and s?
7
Suppose -3*b + 7*i + 28 = 9*i, -3*i - 48 = -3*b. What is the greatest common factor of 12 and b?
12
Let c(d) = 31*d**2 + 2*d. Let z be c(2). Let q be 12144/z + (-1)/(-8). Suppose 7*h - 3*h + w = 150, 2 = -w. Calculate the highest common factor of q and h.
19
Suppose 3*p = -2*j + 59, 0 = -2*p + 3*p + 2*j - 17. Let b be (180/(-48))/((-1)/8). Let v = 33 - b. What is the highest common divisor of v and p?
3
Let p(k) = k**3 - k**2 + 2*k. Let o be p(2). Let a(r) = -3*r + 19. Let b be a(o). Let l be b/((3 + 1)/(-4)). Calculate the highest common divisor of l and 1.
1
Let o = 799 + -163. Calculate the highest common divisor of o and 36.
12
Let t(v) = v**2 - 16*v - 42. Let p be t(19). Calculate the highest common divisor of 75 and p.
15
Let q be (-50)/(-20)*(-2 - 28/(-5)). Suppose 0*w = 4*w + 36. Let u be (-2)/((-12)/w - 2). What is the highest common factor of q and u?
3
Let x be 6*(-9)/(189/(-49)). Calculate the greatest common divisor of x and 112.
14
Let b(i) = -i**3 - 40*i**2 + 3*i + 165. Let t be b(-40). What is the highest common divisor of 9 and t?
9
Let u be (-33)/(-22)*8/(-6) - -52. Calculate the greatest common factor of 2 and u.
2
Let k(v) be the first derivative of 2*v**2 + 19*v - 12. Let x be k(-6). Let s be -3 - x - 0 - -11. What is the highest common divisor of 39 and s?
13
Let t = 9 - -36. Let x be (-3766)/(-105) - (-6)/t. What is the highest common factor of x and 54?
18
Suppose 8*h = 263 - 695. Let d = h + 123. Calculate the highest common factor of 23 and d.
23
Suppose -5*i = -3*i - g - 112, -i - g + 59 = 0. Calculate the greatest common factor of i and 399.
57
Suppose 7*o - 2*o = -40. Let f = 22 - o. Let w be (34/4)/(5/f). What is the greatest common factor of 34 and w?
17
Suppose -12*c + 200 = -112. What is the greatest common factor of 650 and c?
26
Suppose -2*u = -3*u + 90. Suppose -7*w = -2*w - u. What is the highest common divisor of 6 and w?
6
Suppose 0 = -k + 2*b + 5864, -9*b - 16 = -5*b. What is the greatest common factor of 12 and k?
12
Suppose -3*a + 8*a + 4*b = 21, -5*a - 3*b = -22. Suppose -33 = 32*x - 1313. What is the highest common divisor of a and x?
5
Let o = -15 - -26. Let f = 129 + -74. What is the highest common divisor of f and o?
11
Let h = -719 + 754. What is the greatest common divisor of 665 and h?
35
Let v be 3/(-15) - 183/(-15). Suppose -14*z + 60 = -v*z. Suppose 5*k = 2*l + 92, 2*l + 72 = k + 3*k. Calculate the greatest common factor of k and z.
10
Suppose 4*k + 5*w - 5 = 0, 3*k + 4 = -0*w + 4*w. Suppose 19*g - 23*g + 564 = k. Calculate the greatest common factor of g and 94.
47
Let d be (-16)/6*1053/(-54). Calculate the greatest common factor of 13 and d.
13
Let x = 2 - -7. Suppose -4 = -h + x. What is the highest common factor of 13 and h?
13
Let j = -40 - -45. Let m = -103 + 128. What is the greatest common factor of j and m?
5
Let x(j) = 3 + 0*j - 4*j + 1 - 6. Let u be x(-2). Suppose 2*n + 2*h - 12 = u*h, 2*n + h = 22. What is the highest common factor of 5 and n?
5
Suppose -4*n - 72 = 5*c, -5*n = -2*c + 72 - 15. Let q be 54 + 1 + n + 13. Let x = -13 + q. Calculate the greatest common factor of 6 and x.
6
Let z(y) = 8*y**2 + y - 21. Let s be z(6). Calculate the highest common divisor of 21 and s.
21
Suppose 2*n - 297 = -5*z + 267, 0 = 5*z + 3*n - 566. Calculate the highest common factor of 7 and z.
7
Let p(s) be the first derivative of s**4/4 - s**3/3 + s**2 - 2*s - 19. Let y be p(3). Calculate the highest common factor of 176 and y.
22
Suppose 0 = 27*j + 102 + 6. Let a = -2 - -32. Let o be (-15)/a*j*7. What is the greatest common divisor of 98 and o?
14
Suppose b - 3*k = 6, 4*b = 4*k - 1 + 17. Let v be ((-14)/b)/((-10)/15). What is the highest common divisor of v and 35?
7
Suppose -18*z + 408 = 6*z. Calculate the greatest common factor of 2 and z.
1
Let t = 50 + -53. Let p be (t + 7/3)*-180. What is the greatest common factor of 40 and p?
40
Let q(d) = d**2 - 13*d + 3. Let i be q(13). Suppose 52 = i*u - 29. Suppose 2*p - 7 = -1. Calculate the greatest common divisor of p and u.
3
Suppose 7*d = -10142 + 33823. What is the greatest common divisor of d and 17?
17
Let s(n) = -n**3 - n**2 - 10*n + 12. Let p be s(0). What is the highest common factor of p and 192?
12
Let m be (((-132)/(-5))/(-2))/((-66)/220). Calculate the greatest common divisor of 484 and m.
44
Let f = 1215 - 987. Calculate the highest common divisor of f and 192.
12
Let d(t) = 3*t**2 + 2. Let o be d(2). Suppose 47 = -s - 18. Let g = -51 - s. Calculate the greatest common divisor of g and o.
14
Let a be 4/(-14) - (2080/(-28) - -8). Calculate the greatest common divisor of a and 33.
33
Let s(q) = 8*q**2 - 41*q - 9. Let o(d) = -4*d**2 + 21*d + 4. Let g(z) = 5*o(z) + 3*s(z). Let r be g(7). Calculate the highest common factor of r and 9.
9
Let h be 182*(-1 - 4 - -2). Let s be (-13)/(h/(-216))*(-1 + -41). Calculate the greatest common divisor of 27 and s.
27
Let v(p) = -21*p - 19. Suppose -5 = -o, 4*d - o + 41 = 4*o. Let a be v(d). Let z be 0/(-1) - -13*2. What is the greatest common divisor of a and z?
13
Let d(z) = -z**2 - 7*z + 15. Let b be d(-4). What is the greatest common divisor of 15 and b?
3
Suppose -4 = -l + 24. Let p be (0 - 42)*(-168)/36. Calculate the highest common factor of l and p.
28
Let u be 8/(-10)*210/(-84). What is the highest common divisor of u and 15?
1
Let m(x) = -29*x - 5. Suppose -3*w - 4 = 4*k - 3, -2*k - 4 = -2*w. Let h be 1*(-9 - -2)*w. Let f be m(h). Calculate the highest common divisor of f and 18.
18
Let n(w) = w**3 + 9*w**2 + 11*w - 1. Let g be n(-6). Let m = g - 39. Calculate the greatest common factor of 22 and m.
2
Suppose 840 = 5*g + 9*g. Calculate the greatest common factor of g and 40.
20
Let l = -744 - -764. Calculate the greatest common factor of 70 and l.
10
Let n(r) = r**3 + 11*r**2 - 11*r + 15. Let g be n(-12). Suppose -g = -k + 10. Let w = k - 11. Calculate the greatest common factor of 6 and w.
2
Let x = 803 - 227. What is the greatest common divisor of x and 18?
18
Let m be 1*(-8)/(-3)*54/36. Calculate the greatest common factor of m and 148.
4
Let m(p) be the third derivative of p**4/24 + p**3/3 - p**2. Let w be m(3). Suppose -3*d + 58 + w = 0. Calculate the greatest common factor of 21 and d.
21
Suppose 275 = 73*v - 68*v. What is the highest common factor of 33 and v?
11
Let i be 2/4*0 - -46. Let c = -2162 + 2231. Calculate the greatest common divisor of c and i.
23
Let c(g) = 2*g**3 - 7*g**2 + 4*g + 8. Let b = -2 + 6. Let v be c(b). Suppose h - v = 5*u, 5*h + 4*u - 60 = u. Calculate the greatest common divisor of 10 and h.
5
Let k be 65 - (-1 - 0)*(6 + -12). What is the highest common divisor of k and 1?
1
Let y(a) = 4 + 2*a - 6*a + 3*a - a**2. Let n be y(0). Suppose 324 = 2*j + n*j. Calculate the greatest common divisor of 36 and j.
18
Suppose 27*t = 1229 + 931. What is the highest common divisor of 190 and t?
10
Let i = 1481 + -1448. Calculate the greatest common divi